of j?
2, 3, 13
Let o(t) = -5*t**2 + 5*t + 3498. List the prime factors of o(0).
2, 3, 11, 53
Let i(z) = 10*z**2 - 144*z - 56. List the prime factors of i(21).
2, 5, 7, 19
Let i(d) = -12*d + 10. Suppose -11 = c - 5*y, 26 = -4*c - 2*y + 4*y. What are the prime factors of i(c)?
2, 41
Suppose 257*k - 254*k = 1083. What are the prime factors of k?
19
Suppose 5*t + 106 = 2*n + 300, 5*n = 4*t - 145. List the prime factors of t.
2, 5
Suppose 4*l = c - 2*c - 20, -3*c = -3*l - 15. Suppose 3*a = -4*m + 255, c = -2*a - 2*a - 2*m + 330. List the prime factors of a.
3
Suppose -130*q - 1845 = -133*q. List the prime factors of q.
3, 5, 41
Suppose -z = -5*z - 2*h + 438, -2*h - 112 = -z. What are the prime factors of (3 + (-39)/15)*z?
2, 11
Let w(x) = 2*x**2 - 3*x - 4. Let u be w(3). Let i(b) = -13*b + 10. Let g(j) = 38*j - 33. Let r(n) = -2*g(n) - 7*i(n). What are the prime factors of r(u)?
71
Let i be 2/13 - 704/13. Let p = i + 103. List the prime factors of p.
7
Let a(x) = 0*x**2 - 6*x + 11*x + 11 + x**2. Let j be a(-4). Suppose 0 = j*s + s - 224. What are the prime factors of s?
2, 7
Let f(n) = n**2 - 3*n - 5. Let g(b) = -2*b - 8. Let h be g(-6). Let m be f(h). List the prime factors of (-21 + 3)*m/2.
3
Let a = -20 - 4. Let b be a/(-6) + 1*-102. Let z = -51 - b. List the prime factors of z.
47
Let l be -5 + 3 + -1 - (-418)/(-2). Let c = -106 - l. What are the prime factors of c?
2, 53
Suppose 15*r + 36 = 18*r. Suppose l - 72 = -r. List the prime factors of l.
2, 3, 5
Suppose t - 4*t = -213. Suppose 7*l - 42 = -14. Suppose -t - 61 = -l*k. What are the prime factors of k?
3, 11
Let w(x) = 204*x - 156. List the prime factors of w(7).
2, 3, 53
Suppose -g + 34 = -3*g. Let p = g + 7. Let d(x) = -x**3 - 11*x**2 - 13*x - 5. What are the prime factors of d(p)?
5
Let r(o) = 26*o**2 - 13*o - 5. Let x = -22 + 25. List the prime factors of r(x).
2, 5, 19
Suppose 15 = -4*r - 3*u - 277, 0 = 3*r + 2*u + 218. Let c = r - -152. What are the prime factors of c?
2, 41
Suppose 9*b = -2*b. Suppose b*v = 4*j - 2*v - 820, 3*j + 5*v = 589. What are the prime factors of j?
7, 29
Suppose -176*n + 166*n + 13640 = 0. List the prime factors of n.
2, 11, 31
Let p = 3 - -10. Let j = 16 - p. List the prime factors of (j + (15 - -2))/2.
2, 5
Let s be (40/3)/(14/21). Suppose 3*a - s = -a. List the prime factors of a.
5
Let s = 1305 + -1239. List the prime factors of s.
2, 3, 11
Suppose 4446 = 3*l - 4*f - 9376, -f = 4. List the prime factors of l.
2, 3, 13, 59
Suppose 9*p = 8*p + 4. What are the prime factors of p/10 + (-403)/15*-3?
3
Let p(o) = -o**2 + 7*o - 4. Let b be p(6). Let w(d) = 2*d**2 + 9*d - 12 - b*d**2 + d**2. What are the prime factors of w(-11)?
2, 5
Suppose -4417 = -192*t + 185*t. What are the prime factors of t?
631
Let m(t) = 39*t**3 - 6*t**2 + 17*t - 14. What are the prime factors of m(4)?
2, 3, 409
Let y(n) = -15*n + 13. Let u be y(-6). Let r = 149 - u. List the prime factors of r.
2, 23
Let b = -90 + 360. Suppose -19*w + b = -17*w. List the prime factors of w.
3, 5
Suppose l = -3*l + 16. What are the prime factors of 10/l*2982/35?
3, 71
Let o be 1*(-2)/(-2)*155. Let t = o + -67. List the prime factors of t.
2, 11
Suppose -3*z - 4 - 104 = 0. What are the prime factors of 28/z + 2/(-9) + 16?
3, 5
Let u(s) = -1. Let g(i) = 5*i + 14. Let n(d) = g(d) - 2*u(d). Let l = -73 + 79. List the prime factors of n(l).
2, 23
Let k be (-3)/(-18) - 34/(-12). Suppose 3*y = -k*w + 117, 4*y - 2*y - 83 = -3*w. What are the prime factors of y?
2, 17
What are the prime factors of ((-45)/(-4))/((-144)/(-384))?
2, 3, 5
Let h be (3 - 5/2)*18. Suppose -212 = -h*x + 1570. What are the prime factors of x?
2, 3, 11
Let f = 457 + -265. Suppose 3*d = f - 66. What are the prime factors of d?
2, 3, 7
Let c(s) = 87*s**3 - 3*s**2 + 2*s. Suppose -y - p = 1, 3*y + 4*p + 7 = 2*y. Let k be c(y). Suppose 58 = 4*x - k. What are the prime factors of x?
2, 3
Let v = 113 + -80. Suppose 3*i - 3*u + 0*u - v = 0, 0 = -2*i + u + 18. Suppose i*n - 280 = 2*n. List the prime factors of n.
2, 7
Suppose -98*l + 97*l + 2552 = 0. List the prime factors of l.
2, 11, 29
Let d(r) = 42*r**2 - 5*r - 8. What are the prime factors of d(3)?
5, 71
Suppose 2*g - 23 - 9 = 0. Suppose -4*z + 6*t - 2*t = -g, -4*z - 20 = 5*t. Suppose z = r - 12 - 2. List the prime factors of r.
2, 7
Suppose a - 136 = -5*k - 2*a, k = 5*a + 44. Let n = 25 - k. List the prime factors of n/(-12) - 22/(-6).
2
What are the prime factors of (2739/(-5))/(42/(-210))?
3, 11, 83
Let c(l) = -l**3 + 7*l**2 - 7*l + 6. Let x be c(6). Let v be (-5)/20*(x + -4). Let o = 25 - v. What are the prime factors of o?
2, 3
Suppose 2242 + 635 = 21*s. List the prime factors of s.
137
Let t(x) be the third derivative of x**5/60 - x**4/24 - x**3/6 - x**2. Let s(g) be the first derivative of t(g). List the prime factors of s(2).
3
Suppose -v + 111 = -4*c, 4*c - 3 = 3*v - 112. Let i = c - -47. Suppose 3*k + 29 + i = 3*h, 0 = -5*h - 2*k + 115. List the prime factors of h.
3, 7
Let r be ((-9)/(-36))/(2/(-8)). Let p = r + 1. Suppose p*l + l = 17. What are the prime factors of l?
17
Suppose 40 = -2*w - 0. Let b = w + 16. Let f(j) = -j**3 - 3*j**2 - 2*j - 2. List the prime factors of f(b).
2, 11
Suppose 345460 = 72*s + 126652. What are the prime factors of s?
3, 1013
Suppose 4*b - 5*b - 4*q + 10 = 0, 29 = 5*b - q. Let y(z) = 8*z + 8. List the prime factors of y(b).
2, 7
Suppose -q + 3*y = -638, -4*q + 4*y = 5*y - 2487. What are the prime factors of q?
7, 89
Let b = -28 - -30. Suppose 2*k - 10 = 0, -5*a + 5*k - b*k = -520. List the prime factors of a.
107
Let r be 1*((-4 - (-8 - -4)) + -4). List the prime factors of 2 + 6/r + 1505/10.
151
Let l = -698 + 1529. List the prime factors of l.
3, 277
Let r(h) = h + 13. Suppose 0 = -4*u + 3*f + 18, 2*f + 22 = 4*u + f. Let v be (8/u)/((-4)/(-18)). List the prime factors of r(v).
19
Let g(c) = 30*c**2 + 6*c + 1. Let j(d) = -d**3 - 2*d**2 + 2*d - 5. Let a be j(-3). List the prime factors of g(a).
109
Suppose -l + 3*t + 988 = 0, 4*t + 988 = l + 8*t. What are the prime factors of l?
2, 13, 19
Let v(t) = -3*t + 44. Let i be v(13). Suppose -5*d - 2*m = -557, 4*d - 359 = d + i*m. What are the prime factors of d?
113
Suppose -4*g + 342 - 10 = 0. Let u = 148 - g. What are the prime factors of u?
5, 13
Suppose -2*n - 3*l - 7021 = -7*n, -3*l = 5*n - 7039. What are the prime factors of n?
2, 19, 37
Let g(t) = t**2 - 7*t - 2. Let s be g(6). Let v(p) = -16*p - 24. List the prime factors of v(s).
2, 13
Let u(t) = t**3 - t**2 + 3. Let g be u(0). Let v(i) = 0*i**2 - 6*i**2 + 0*i + 5 - i**3 - 4*i - g. List the prime factors of v(-6).
2, 13
Suppose 84 = 2*q + 3*z - 187, 0 = 4*z - 20. Let h = 143 - q. What are the prime factors of h?
3, 5
Suppose 3*c + 6 = -6. Let n(x) = 2*x - 14 - 6 + 2*x**2 + 23. What are the prime factors of n(c)?
3
Suppose -23141 + 3011 = -22*n. List the prime factors of n.
3, 5, 61
Suppose 0 = -u + 2*i + 953, 4953 = 4*u - i + 1176. List the prime factors of u.
23, 41
Suppose -22*y + 29*y - 35 = 0. Let j(v) = 11*v**2 - 11*v + 4. List the prime factors of j(y).
2, 7
Suppose 11597 = 5*k - h, 5*k + 2470 - 14079 = -3*h. What are the prime factors of k?
2, 5, 29
List the prime factors of (-34 - -28) + 1328/1.
2, 661
Suppose -9*p + 3*p + 18 = 0. Suppose -p*r = -r - 30. List the prime factors of r.
3, 5
Suppose -1033 = -10*c + 2147. What are the prime factors of c?
2, 3, 53
Suppose 0 = 23*g - 18*g + 500. Let s = g - -189. What are the prime factors of s?
89
Let l = -9 + 12. Suppose 2*n + 2*n + 74 = -3*m, 0 = 5*m - l*n + 162. What are the prime factors of (-3 + m/(-2))*2?
2, 3
Let p = -414 - -738. What are the prime factors of p?
2, 3
Suppose -4*o + o = 12, -2*t + 532 = 3*o. What are the prime factors of t?
2, 17
Suppose -j - 5927 = -4*b, 8*b - 4*b = 5*j + 5939. What are the prime factors of b?
1481
Let z(g) = 20*g**2 + 14*g + 14. What are the prime factors of z(-4)?
2, 139
Let j(b) = -b**2 + 7*b - 7. Let t be j(5). Suppose 0 = -4*c + 5*a + 62, t*a + 71 = 2*c + 3*c. What are the prime factors of c?
13
Let c(p) = -p**2 - 7*p. Let b be c(-5). Let f(v) = v**3 - 10*v**2 + 2*v + 4. Let x(a) = 1. Let q(z) = f(z) + 2*x(z). What are the prime factors of q(b)?
2, 13
Let f(x) = 12 + x**2 + 5*x - 4 - 6*x - 3*x. List the prime factors of f(7).
29
Let l = 52 - 51. Let